{"id":110,"date":"2016-03-03T14:41:31","date_gmt":"2016-03-03T14:41:31","guid":{"rendered":"http:\/\/atlantelinguisticosicilia.it\/cms\/?page_id=110"},"modified":"2016-07-20T12:47:02","modified_gmt":"2016-07-20T12:47:02","slug":"documentazione","status":"publish","type":"page","link":"https:\/\/atlantelinguisticosicilia.it\/cms\/home\/documentazione\/","title":{"rendered":"Documentazione"},"content":{"rendered":"<p><strong>BIBLIOTECA ED EMEROTECA<\/strong><\/p>\n<p style=\"text-align: justify;\">Ospitata presso il Dipartimento di Scienze umanistiche dell\u2019Universit\u00e0 di Palermo, \u00e8 ricca di oltre 15.000 volumi di argomento linguistico-letterario, con particolare riguardo alla Sicilia. \u00c8 fruibile tutti i giorni (ore 9.00-14.00), tranne il sabato, nella sede dell\u2019ex Monastero di S. Antonino (piazza S. Antonino 1). Recentemente sono stati donati fondi particolarmente rilevanti dai compianti professori Alberto Varvaro e Girolamo Caracausi. Tali fondi attendono di essere schedati e accorpati alla Biblioteca.<\/p>\n<p><strong>SCHEDARIO DELL\u2019OPERA<\/strong> del <em>Vocabolario Siciliano<\/em> (Sede di Catania)<\/p>\n<p>Lo <strong>schedario<\/strong> dell\u2019 \u201cOpera del Vocabolario Siciliano\u201d (Catania, via della Loggetta 13), settore linguistico del \u201cCentro di Studi filologici e linguistici siciliani\u201d, \u00e8 composto da <strong>pi\u00f9 di un milione di schede<\/strong> provenienti dalla schedatura, iniziata negli anni Cinquanta del secolo scorso, suddivise in due sezioni:<\/p>\n<ol>\n<li>schede bianche &#8211; sono le schede che raccolgono i materiali provenienti da tutti i testi a stampa di contenuto dialettologico (vocabolari, letteratura dialettale, studi sul lessico dialettale, raccolte relative ai lessici settoriali e simm.), a partire dal XVIII sec. ai nostri giorni;<\/li>\n<li>schede grigie &#8211; sono le schede provenienti: a) dalla lunga corrispondenza con gli informatori locali e dai relativi numerosi questionari inviati agli informatori e da questi restituiti debitamente compilati; b) dalle numerosissime tesi di laurea volte all\u2019indagine dialettologica del territorio; c) dalle indagini che sono state eseguite nei vari comuni dell\u2019Isola.<\/li>\n<\/ol>\n<p>L\u2019<strong>archivio<\/strong> dell\u2019\u201cOpera del Vocabolario Siciliano\u201d contiene anche:<\/p>\n<ol>\n<li>la fitta corrispondenza intrattenuta tra il fondatore del <em>Vocabolario siciliano<\/em>, prof. Giorgio Piccitto e dai suoi successori con i numerosi informatori locali;<\/li>\n<li>i numerosi questionari debitamente compilati dagli informatori locali e restituiti;<\/li>\n<li>le raccolte libere fornite dagli stessi informatori.<\/li>\n<\/ol>\n<p><strong>LABORATORIO DI GEOGRAFIA LINGUISTICA<\/strong><\/p>\n<p style=\"margin: 0cm 0cm 0.0001pt; text-align: justify;\">Costituisce il cuore dell\u2019attivit\u00e0 volta alla realizzazione dell\u2019<em>Atlante Linguistico della Sicilia<\/em>. Il laboratorio di Geografia linguistica dispone delle seguenti attrezzature:<\/p>\n<p style=\"margin: 0cm 0cm 0.0001pt; text-align: justify;\">5 stazioni informatiche collegate in rete a un Server di gestione e di storage; 5 schede audio esterne di alta fedelt\u00e0; 5 HD esterni da 2 TB\/cad; uno scanner di formato A3 ed uno di formato A4; 2 stampanti\u00a0 laser; 2 fotocopiatori; 3 piastre di registrazione analogica; 3 piastre di registrazione Digital Audio Tape; 2 amplificatori di potenza; 4 casse acustiche;\u00a0 1 registratore portatile a bobina; 6 registratori portatili analogici; 10 registratori portatili digitali DAT; 6 registratori portatili digitali di nuova generazione; 2\u00a0 videocamere; 2 macchine fotografiche; 5 tavoli da lavoro.<\/p>\n<p>&nbsp;<\/p>\n<p><strong>ARCHIVIO DELLE PARLATE SICILIANE<\/strong><\/p>\n<p style=\"text-align: justify;\">Il pluridecennale interesse nei riguardi dei dialetti dell\u2019Isola e, pi\u00f9 generalmente, nei riguardi di tutti gli aspetti relativi al repertorio linguistico dei Siciliani, ha consentito la raccolta, presso il Centro di studi filologici e linguistici siciliani e il Dipartimento di Scienze umanistiche dell\u2019Universit\u00e0 di Palermo, di numerosi documenti orali, che raggiungono ormai diverse migliaia di ore di registrazione di inestimabile valore linguistico e culturale. Si tratta di un patrimonio documentario in grado di (rap)presentare la Sicilia contemporanea sia sul piano linguistico \u2013 nei suoi diversi livelli variazionali, tanto sul versante dialettale quanto su quello della lingua \u2013 sia su quello etnografico e della cultura tradizionale.<\/p>\n<p style=\"text-align: justify;\">Gi\u00e0 all\u2019inizio degli anni Novanta, contemporaneamente alla definizione del progetto dell\u2019<em>Atlante Linguistico della Sicilia <\/em>(ALS), consistente era il numero delle registrazioni effettuate come rilevamenti di prova del progetto geolinguistico siciliano; registrazioni che si aggiungevano a quelle di pi\u00f9 antica data, e pertanto di notevole interesse storico, effettuate tra la fine degli anni \u201860 e l\u2019inizio degli anni \u201863 da Giuseppe Piccillo e Vincenzo Orioles per la Carta dei Dialetti Italiani (CDI), a quelle effettuate da Giovanni Ruffino nel 1973 (in occasione di una serie di trasmissioni radiofoniche della RAI), e a quelle dell\u2019<em>Osservatorio Linguistico Siciliano <\/em>(OLS), risalenti alla seconda met\u00e0 degli anni \u201880.<\/p>\n<p style=\"text-align: justify;\">Parallelamente alla messa in opera del progetto dell\u2019ALS (che costituisce, oggi, il fondo pi\u00f9 cospicuo e pi\u00f9 importante dell\u2019<em>Archivio delle Parlate Siciliane<\/em>) e all\u2019affacciarsi di nuove e sempre pi\u00f9 abbordabili opportunit\u00e0 informatiche, nasce dunque l\u2019esigenza di ordinare il patrimonio di registrazioni che sempre pi\u00f9 rapidamente si rendevano disponibili e indispensabili ai diversi e specifici obiettivi di ricerca che coinvolgevano le variet\u00e0 linguistiche della Sicilia.<\/p>\n<p style=\"text-align: justify;\">Un tale patrimonio, attualmente costituito da oltre 7.000 documenti sonori relativi a diversi <em>corpora<\/em>, rappresenta oggi un\u2019importante esperienza difficilmente riscontrabile in altre realt\u00e0 regionali italiane, non soltanto per l\u2019ampiezza ma, soprattutto, per le caratteristiche delle informazioni in esso contenute. Si tratta, infatti, quasi sempre di fondi documentari costituenti la base empirica di diversi, mirati progetti di ricerca \u2013 di ordine, di volta in volta, sociolinguistico, dialettologico, etnografico \u2013 e pertanto raccolti, nella maggior parte dei casi, con criteri rispondenti a metodologie scientificamente collaudate. La stessa tipologia dei documenti finora disponibili si pu\u00f2 considerare omogenea in ragione del fatto che si tratta sempre di interviste realizzate sul campo. Tuttavia, ovviamente, ciascun <em>corpus <\/em>contenuto nell\u2019Archivio, e relativo a uno specifico obiettivo di ricerca, e caratterizzato di volta in volta da un diverso approccio teorico-metodologico e, conseguentemente, da una diversa condizione escussiva, nella creazione della propria documentazione sonora.<\/p>\n<p>I <em>corpora <\/em>riguardano inchieste relative a:<\/p>\n<ul>\n<li>ALS &#8211; Inchieste di Base<\/li>\n<li>ALS &#8211; Onomastica<\/li>\n<li>ALS &#8211; Sezione etnodialettale<\/li>\n<li>ALS &#8211; Sezione socio variazionale<\/li>\n<li>ALS &#8211; Sondaggi<\/li>\n<li>Carta dei Dialetti Italiani (CDI)<\/li>\n<li>Etnostorie e racconti di vita<\/li>\n<li>Laboratorio di Dialettologia<\/li>\n<li>Materiale edito<\/li>\n<li>Osservatorio Linguistico Siciliano (OLS)<\/li>\n<li>Tesi di Laurea<\/li>\n<\/ul>\n<p style=\"text-align: justify;\">Il patrimonio di documenti orali tuttora disponibili \u00e8 in costante incremento e, oggi, in buona parte ordinato in un\u2019apposta <strong>Banca Dati<\/strong>, che ne consente un facile reperimento e un\u2019agevole fruizione, anche attraverso il WEB. Per consentire ci\u00f2, si \u00e8 reso necessario procedere a una progressiva sistematica acquisizione dei contenuti di ogni singolo documento \u2013 registrato su nastro, analogico o digitale \u2013 in file sonoro gestibile con i pi\u00f9 comuni mezzi (hardware e software) informatici.<\/p>\n<p style=\"text-align: justify;\">Attraverso un <em>Bollettino<\/em>, l\u2019<em>Archivio delle Parlate Siciliane <\/em>intende, invece \u2013 oltre che puntualizzare con aggiornamenti annuali le disponibilit\u00e0 dell\u2019Archivio, una volta presentata l\u2019organizzazione e la strutturazione della propria Banca Dati \u2013, rendere fruibili una serie di documenti, di volta in volta opportunamente selezionati, attraverso la loro trascrizione, la quale consente un approccio conoscitivo ben diverso da quello limitato al solo ascolto. Si tratta di documenti introdotti e annotati da studiosi del settore,ma non per questo destinati sempre e\/o esclusivamente a questi ultimi, presentati in trascrizioni rispondenti a rigorose regole di rappresentazione del parlato e differenziate per livello analitico: il primo, quello \u00abfono-ortografico e conversazionale\u00bb, risponde a un\u2019esigenza pi\u00f9 consona allo studioso del settore; il secondo, quello \u00ab(iper)normalizzante\u00bb, spoglio delle annotazioni di tipo conversazionale e di quelle fonetiche ritenute eccedenti ai fini di una valutazione del solo significato della parola, e destinato soprattutto a chi, studioso o non, abbia maggiore interesse o curiosit\u00e0 verso il contenuto testuale.<\/p>\n<p style=\"text-align: justify;\">Un\u2019apposita sezione del Bollettino e riservata, inoltre, ai documenti fotografici, che nel corso degli anni si sono raccolti presso il Centro di studi filologici e linguistici siciliani e che oggi stanno trovando, anch\u2019essi, un adeguato ordinamento e una sistemazione informatica (in un apposito <em>Archivio Fotografico e Audiovisuale<\/em>), che ne consenta una agevole fruizione.<\/p>\n<p><strong>ARCHIVIO FOTOGRAFICO E AUDIOVISUALE<\/strong><\/p>\n<p style=\"text-align: justify;\">Raccoglie materiali fotografici e filmici realizzate nel corso dei rilevamenti etnodialettali. Dispone di una stazione informatica,\u00a0 uno scanner di formato A3 e uno di formato A4, 1 stampante laser, attrezzature che hanno consentito l\u2019archiviazione in un\u2019apposita Banca Dati di oltre 8.000 documenti fotografici e di circa <strong>200 documenti<\/strong> audiovisuali di interesse etnografico.<\/p>\n","protected":false},"excerpt":{"rendered":"<p>BIBLIOTECA ED EMEROTECA Ospitata presso il Dipartimento di Scienze umanistiche dell\u2019Universit\u00e0 di Palermo, \u00e8 ricca di oltre 15.000 volumi di argomento linguistico-letterario, con particolare riguardo alla Sicilia. \u00c8 fruibile tutti i giorni (ore 9.00-14.00), tranne il sabato, nella sede dell\u2019ex <a class=\"more-link\" href=\"https:\/\/atlantelinguisticosicilia.it\/cms\/home\/documentazione\/\">Leggi tutto <span class=\"screen-reader-text\">  Documentazione<\/span><span class=\"meta-nav\">&rarr;<\/span><\/a><\/p>\n","protected":false},"author":3,"featured_media":0,"parent":2,"menu_order":0,"comment_status":"closed","ping_status":"closed","template":"","meta":{"footnotes":""},"class_list":["post-110","page","type-page","status-publish","hentry"],"yoast_head":"<!-- This site is optimized with the Yoast SEO plugin v26.9 - https:\/\/yoast.com\/product\/yoast-seo-wordpress\/ -->\n<title>Documentazione - Atlante Linguistico della Sicilia<\/title>\n<meta name=\"robots\" content=\"index, follow, max-snippet:-1, max-image-preview:large, max-video-preview:-1\" \/>\n<link rel=\"canonical\" href=\"https:\/\/atlantelinguisticosicilia.it\/cms\/home\/documentazione\/\" \/>\n<meta property=\"og:locale\" content=\"it_IT\" \/>\n<meta property=\"og:type\" content=\"article\" \/>\n<meta property=\"og:title\" content=\"Documentazione - Atlante Linguistico della Sicilia\" \/>\n<meta property=\"og:description\" content=\"BIBLIOTECA ED EMEROTECA Ospitata presso il Dipartimento di Scienze umanistiche dell\u2019Universit\u00e0 di Palermo, \u00e8 ricca di oltre 15.000 volumi di argomento linguistico-letterario, con particolare riguardo alla Sicilia. \u00c8 fruibile tutti i giorni (ore 9.00-14.00), tranne il sabato, nella sede dell\u2019ex Leggi tutto  Documentazione&rarr;\" \/>\n<meta property=\"og:url\" content=\"https:\/\/atlantelinguisticosicilia.it\/cms\/home\/documentazione\/\" \/>\n<meta property=\"og:site_name\" content=\"Atlante Linguistico della Sicilia\" \/>\n<meta property=\"article:modified_time\" content=\"2016-07-20T12:47:02+00:00\" \/>\n<meta name=\"twitter:card\" content=\"summary_large_image\" \/>\n<meta name=\"twitter:label1\" content=\"Tempo di lettura stimato\" \/>\n\t<meta name=\"twitter:data1\" content=\"6 minuti\" \/>\n<script type=\"application\/ld+json\" class=\"yoast-schema-graph\">{\"@context\":\"https:\/\/schema.org\",\"@graph\":[{\"@type\":\"WebPage\",\"@id\":\"https:\/\/atlantelinguisticosicilia.it\/cms\/home\/documentazione\/\",\"url\":\"https:\/\/atlantelinguisticosicilia.it\/cms\/home\/documentazione\/\",\"name\":\"Documentazione - Atlante Linguistico della Sicilia\",\"isPartOf\":{\"@id\":\"https:\/\/atlantelinguisticosicilia.it\/cms\/#website\"},\"datePublished\":\"2016-03-03T14:41:31+00:00\",\"dateModified\":\"2016-07-20T12:47:02+00:00\",\"breadcrumb\":{\"@id\":\"https:\/\/atlantelinguisticosicilia.it\/cms\/home\/documentazione\/#breadcrumb\"},\"inLanguage\":\"it-IT\",\"potentialAction\":[{\"@type\":\"ReadAction\",\"target\":[\"https:\/\/atlantelinguisticosicilia.it\/cms\/home\/documentazione\/\"]}]},{\"@type\":\"BreadcrumbList\",\"@id\":\"https:\/\/atlantelinguisticosicilia.it\/cms\/home\/documentazione\/#breadcrumb\",\"itemListElement\":[{\"@type\":\"ListItem\",\"position\":1,\"name\":\"Home\",\"item\":\"https:\/\/atlantelinguisticosicilia.it\/cms\/\"},{\"@type\":\"ListItem\",\"position\":2,\"name\":\"L&#8217;Atlante Linguistico della Sicilia\",\"item\":\"https:\/\/atlantelinguisticosicilia.it\/cms\/\"},{\"@type\":\"ListItem\",\"position\":3,\"name\":\"Documentazione\"}]},{\"@type\":\"WebSite\",\"@id\":\"https:\/\/atlantelinguisticosicilia.it\/cms\/#website\",\"url\":\"https:\/\/atlantelinguisticosicilia.it\/cms\/\",\"name\":\"Atlante Linguistico della Sicilia\",\"description\":\"A cura del Centro di studi filologici e linguistici siciliani (CSFLS)\",\"publisher\":{\"@id\":\"https:\/\/atlantelinguisticosicilia.it\/cms\/#organization\"},\"potentialAction\":[{\"@type\":\"SearchAction\",\"target\":{\"@type\":\"EntryPoint\",\"urlTemplate\":\"https:\/\/atlantelinguisticosicilia.it\/cms\/?s={search_term_string}\"},\"query-input\":{\"@type\":\"PropertyValueSpecification\",\"valueRequired\":true,\"valueName\":\"search_term_string\"}}],\"inLanguage\":\"it-IT\"},{\"@type\":\"Organization\",\"@id\":\"https:\/\/atlantelinguisticosicilia.it\/cms\/#organization\",\"name\":\"Atlante Linguistico della Sicilia\",\"url\":\"https:\/\/atlantelinguisticosicilia.it\/cms\/\",\"logo\":{\"@type\":\"ImageObject\",\"inLanguage\":\"it-IT\",\"@id\":\"https:\/\/atlantelinguisticosicilia.it\/cms\/#\/schema\/logo\/image\/\",\"url\":\"https:\/\/atlantelinguisticosicilia.it\/cms\/wp-content\/uploads\/2016\/07\/cropped-csfls-logo-1.png\",\"contentUrl\":\"https:\/\/atlantelinguisticosicilia.it\/cms\/wp-content\/uploads\/2016\/07\/cropped-csfls-logo-1.png\",\"width\":76,\"height\":64,\"caption\":\"Atlante Linguistico della Sicilia\"},\"image\":{\"@id\":\"https:\/\/atlantelinguisticosicilia.it\/cms\/#\/schema\/logo\/image\/\"}}]}<\/script>\n<!-- \/ Yoast SEO plugin. -->","yoast_head_json":{"title":"Documentazione - Atlante Linguistico della Sicilia","robots":{"index":"index","follow":"follow","max-snippet":"max-snippet:-1","max-image-preview":"max-image-preview:large","max-video-preview":"max-video-preview:-1"},"canonical":"https:\/\/atlantelinguisticosicilia.it\/cms\/home\/documentazione\/","og_locale":"it_IT","og_type":"article","og_title":"Documentazione - Atlante Linguistico della Sicilia","og_description":"BIBLIOTECA ED EMEROTECA Ospitata presso il Dipartimento di Scienze umanistiche dell\u2019Universit\u00e0 di Palermo, \u00e8 ricca di oltre 15.000 volumi di argomento linguistico-letterario, con particolare riguardo alla Sicilia. \u00c8 fruibile tutti i giorni (ore 9.00-14.00), tranne il sabato, nella sede dell\u2019ex Leggi tutto  Documentazione&rarr;","og_url":"https:\/\/atlantelinguisticosicilia.it\/cms\/home\/documentazione\/","og_site_name":"Atlante Linguistico della Sicilia","article_modified_time":"2016-07-20T12:47:02+00:00","twitter_card":"summary_large_image","twitter_misc":{"Tempo di lettura stimato":"6 minuti"},"schema":{"@context":"https:\/\/schema.org","@graph":[{"@type":"WebPage","@id":"https:\/\/atlantelinguisticosicilia.it\/cms\/home\/documentazione\/","url":"https:\/\/atlantelinguisticosicilia.it\/cms\/home\/documentazione\/","name":"Documentazione - Atlante Linguistico della Sicilia","isPartOf":{"@id":"https:\/\/atlantelinguisticosicilia.it\/cms\/#website"},"datePublished":"2016-03-03T14:41:31+00:00","dateModified":"2016-07-20T12:47:02+00:00","breadcrumb":{"@id":"https:\/\/atlantelinguisticosicilia.it\/cms\/home\/documentazione\/#breadcrumb"},"inLanguage":"it-IT","potentialAction":[{"@type":"ReadAction","target":["https:\/\/atlantelinguisticosicilia.it\/cms\/home\/documentazione\/"]}]},{"@type":"BreadcrumbList","@id":"https:\/\/atlantelinguisticosicilia.it\/cms\/home\/documentazione\/#breadcrumb","itemListElement":[{"@type":"ListItem","position":1,"name":"Home","item":"https:\/\/atlantelinguisticosicilia.it\/cms\/"},{"@type":"ListItem","position":2,"name":"L&#8217;Atlante Linguistico della Sicilia","item":"https:\/\/atlantelinguisticosicilia.it\/cms\/"},{"@type":"ListItem","position":3,"name":"Documentazione"}]},{"@type":"WebSite","@id":"https:\/\/atlantelinguisticosicilia.it\/cms\/#website","url":"https:\/\/atlantelinguisticosicilia.it\/cms\/","name":"Atlante Linguistico della Sicilia","description":"A cura del Centro di studi filologici e linguistici siciliani (CSFLS)","publisher":{"@id":"https:\/\/atlantelinguisticosicilia.it\/cms\/#organization"},"potentialAction":[{"@type":"SearchAction","target":{"@type":"EntryPoint","urlTemplate":"https:\/\/atlantelinguisticosicilia.it\/cms\/?s={search_term_string}"},"query-input":{"@type":"PropertyValueSpecification","valueRequired":true,"valueName":"search_term_string"}}],"inLanguage":"it-IT"},{"@type":"Organization","@id":"https:\/\/atlantelinguisticosicilia.it\/cms\/#organization","name":"Atlante Linguistico della Sicilia","url":"https:\/\/atlantelinguisticosicilia.it\/cms\/","logo":{"@type":"ImageObject","inLanguage":"it-IT","@id":"https:\/\/atlantelinguisticosicilia.it\/cms\/#\/schema\/logo\/image\/","url":"https:\/\/atlantelinguisticosicilia.it\/cms\/wp-content\/uploads\/2016\/07\/cropped-csfls-logo-1.png","contentUrl":"https:\/\/atlantelinguisticosicilia.it\/cms\/wp-content\/uploads\/2016\/07\/cropped-csfls-logo-1.png","width":76,"height":64,"caption":"Atlante Linguistico della Sicilia"},"image":{"@id":"https:\/\/atlantelinguisticosicilia.it\/cms\/#\/schema\/logo\/image\/"}}]}},"_links":{"self":[{"href":"https:\/\/atlantelinguisticosicilia.it\/cms\/wp-json\/wp\/v2\/pages\/110","targetHints":{"allow":["GET"]}}],"collection":[{"href":"https:\/\/atlantelinguisticosicilia.it\/cms\/wp-json\/wp\/v2\/pages"}],"about":[{"href":"https:\/\/atlantelinguisticosicilia.it\/cms\/wp-json\/wp\/v2\/types\/page"}],"author":[{"embeddable":true,"href":"https:\/\/atlantelinguisticosicilia.it\/cms\/wp-json\/wp\/v2\/users\/3"}],"replies":[{"embeddable":true,"href":"https:\/\/atlantelinguisticosicilia.it\/cms\/wp-json\/wp\/v2\/comments?post=110"}],"version-history":[{"count":5,"href":"https:\/\/atlantelinguisticosicilia.it\/cms\/wp-json\/wp\/v2\/pages\/110\/revisions"}],"predecessor-version":[{"id":551,"href":"https:\/\/atlantelinguisticosicilia.it\/cms\/wp-json\/wp\/v2\/pages\/110\/revisions\/551"}],"up":[{"embeddable":true,"href":"https:\/\/atlantelinguisticosicilia.it\/cms\/wp-json\/wp\/v2\/pages\/2"}],"wp:attachment":[{"href":"https:\/\/atlantelinguisticosicilia.it\/cms\/wp-json\/wp\/v2\/media?parent=110"}],"curies":[{"name":"wp","href":"https:\/\/api.w.org\/{rel}","templated":true}]}}