{"id":57,"date":"2016-02-17T10:50:17","date_gmt":"2016-02-17T10:50:17","guid":{"rendered":"http:\/\/atlantelinguisticosicilia.it\/cms\/?page_id=57"},"modified":"2016-05-03T10:03:28","modified_gmt":"2016-05-03T10:03:28","slug":"foto-e-video","status":"publish","type":"page","link":"https:\/\/atlantelinguisticosicilia.it\/cms\/home\/foto-e-video\/","title":{"rendered":"Foto e video"},"content":{"rendered":"<p>A corredo del progetto, il CDROM originale prevedeva una raccolta di fotografie e un breve documentario. Anche se come nelle altre pagine si \u00e8 scelto di mantenere intatto il layout grafico originale, \u00e8 disponibile una pagina &#8220;slideshow&#8221; per una pi\u00f9 comoda consultazione delle immagini<br \/>\n\n<!-- iframe plugin v.6.0 wordpress.org\/plugins\/iframe\/ -->\n<iframe loading=\"lazy\" src=\"http:\/\/atlantelinguisticosicilia.it\/trottola\/foto_video.htm\" width=\"100%\" height=\"500\" scrolling=\"yes\" class=\"iframe-class\" frameborder=\"0\"><\/iframe>\n<\/p>\n","protected":false},"excerpt":{"rendered":"<p>A corredo del progetto, il CDROM originale prevedeva una raccolta di fotografie e un breve documentario. Anche se come nelle altre pagine si \u00e8 scelto di mantenere intatto il layout grafico originale, \u00e8 disponibile una pagina &#8220;slideshow&#8221; per una pi\u00f9 <a class=\"more-link\" href=\"https:\/\/atlantelinguisticosicilia.it\/cms\/home\/foto-e-video\/\">Leggi tutto <span class=\"screen-reader-text\">  Foto e video<\/span><span class=\"meta-nav\">&rarr;<\/span><\/a><\/p>\n","protected":false},"author":1,"featured_media":0,"parent":2,"menu_order":0,"comment_status":"open","ping_status":"open","template":"","meta":{"footnotes":""},"class_list":["post-57","page","type-page","status-publish","hentry"],"yoast_head":"<!-- This site is optimized with the Yoast SEO plugin v26.9 - https:\/\/yoast.com\/product\/yoast-seo-wordpress\/ -->\n<title>Foto e video - Atlante Linguistico della Sicilia<\/title>\n<meta name=\"robots\" content=\"index, follow, max-snippet:-1, max-image-preview:large, max-video-preview:-1\" \/>\n<link rel=\"canonical\" href=\"https:\/\/atlantelinguisticosicilia.it\/cms\/home\/foto-e-video\/\" \/>\n<meta property=\"og:locale\" content=\"it_IT\" \/>\n<meta property=\"og:type\" content=\"article\" \/>\n<meta property=\"og:title\" content=\"Foto e video - Atlante Linguistico della Sicilia\" \/>\n<meta property=\"og:description\" content=\"A corredo del progetto, il CDROM originale prevedeva una raccolta di fotografie e un breve documentario. Anche se come nelle altre pagine si \u00e8 scelto di mantenere intatto il layout grafico originale, \u00e8 disponibile una pagina &#8220;slideshow&#8221; per una pi\u00f9 Leggi tutto  Foto e video&rarr;\" \/>\n<meta property=\"og:url\" content=\"https:\/\/atlantelinguisticosicilia.it\/cms\/home\/foto-e-video\/\" \/>\n<meta property=\"og:site_name\" content=\"Atlante Linguistico della Sicilia\" \/>\n<meta property=\"article:modified_time\" content=\"2016-05-03T10:03:28+00:00\" \/>\n<meta name=\"twitter:card\" content=\"summary_large_image\" \/>\n<script type=\"application\/ld+json\" class=\"yoast-schema-graph\">{\"@context\":\"https:\/\/schema.org\",\"@graph\":[{\"@type\":\"WebPage\",\"@id\":\"https:\/\/atlantelinguisticosicilia.it\/cms\/home\/foto-e-video\/\",\"url\":\"https:\/\/atlantelinguisticosicilia.it\/cms\/home\/foto-e-video\/\",\"name\":\"Foto e video - Atlante Linguistico della Sicilia\",\"isPartOf\":{\"@id\":\"https:\/\/atlantelinguisticosicilia.it\/cms\/#website\"},\"datePublished\":\"2016-02-17T10:50:17+00:00\",\"dateModified\":\"2016-05-03T10:03:28+00:00\",\"breadcrumb\":{\"@id\":\"https:\/\/atlantelinguisticosicilia.it\/cms\/home\/foto-e-video\/#breadcrumb\"},\"inLanguage\":\"it-IT\",\"potentialAction\":[{\"@type\":\"ReadAction\",\"target\":[\"https:\/\/atlantelinguisticosicilia.it\/cms\/home\/foto-e-video\/\"]}]},{\"@type\":\"BreadcrumbList\",\"@id\":\"https:\/\/atlantelinguisticosicilia.it\/cms\/home\/foto-e-video\/#breadcrumb\",\"itemListElement\":[{\"@type\":\"ListItem\",\"position\":1,\"name\":\"Home\",\"item\":\"https:\/\/atlantelinguisticosicilia.it\/cms\/\"},{\"@type\":\"ListItem\",\"position\":2,\"name\":\"L&#8217;Atlante Linguistico della Sicilia\",\"item\":\"https:\/\/atlantelinguisticosicilia.it\/cms\/\"},{\"@type\":\"ListItem\",\"position\":3,\"name\":\"Foto e video\"}]},{\"@type\":\"WebSite\",\"@id\":\"https:\/\/atlantelinguisticosicilia.it\/cms\/#website\",\"url\":\"https:\/\/atlantelinguisticosicilia.it\/cms\/\",\"name\":\"Atlante Linguistico della Sicilia\",\"description\":\"A cura del Centro di studi filologici e linguistici siciliani (CSFLS)\",\"publisher\":{\"@id\":\"https:\/\/atlantelinguisticosicilia.it\/cms\/#organization\"},\"potentialAction\":[{\"@type\":\"SearchAction\",\"target\":{\"@type\":\"EntryPoint\",\"urlTemplate\":\"https:\/\/atlantelinguisticosicilia.it\/cms\/?s={search_term_string}\"},\"query-input\":{\"@type\":\"PropertyValueSpecification\",\"valueRequired\":true,\"valueName\":\"search_term_string\"}}],\"inLanguage\":\"it-IT\"},{\"@type\":\"Organization\",\"@id\":\"https:\/\/atlantelinguisticosicilia.it\/cms\/#organization\",\"name\":\"Atlante Linguistico della Sicilia\",\"url\":\"https:\/\/atlantelinguisticosicilia.it\/cms\/\",\"logo\":{\"@type\":\"ImageObject\",\"inLanguage\":\"it-IT\",\"@id\":\"https:\/\/atlantelinguisticosicilia.it\/cms\/#\/schema\/logo\/image\/\",\"url\":\"https:\/\/atlantelinguisticosicilia.it\/cms\/wp-content\/uploads\/2016\/07\/cropped-csfls-logo-1.png\",\"contentUrl\":\"https:\/\/atlantelinguisticosicilia.it\/cms\/wp-content\/uploads\/2016\/07\/cropped-csfls-logo-1.png\",\"width\":76,\"height\":64,\"caption\":\"Atlante Linguistico della Sicilia\"},\"image\":{\"@id\":\"https:\/\/atlantelinguisticosicilia.it\/cms\/#\/schema\/logo\/image\/\"}}]}<\/script>\n<!-- \/ Yoast SEO plugin. -->","yoast_head_json":{"title":"Foto e video - Atlante Linguistico della Sicilia","robots":{"index":"index","follow":"follow","max-snippet":"max-snippet:-1","max-image-preview":"max-image-preview:large","max-video-preview":"max-video-preview:-1"},"canonical":"https:\/\/atlantelinguisticosicilia.it\/cms\/home\/foto-e-video\/","og_locale":"it_IT","og_type":"article","og_title":"Foto e video - Atlante Linguistico della Sicilia","og_description":"A corredo del progetto, il CDROM originale prevedeva una raccolta di fotografie e un breve documentario. Anche se come nelle altre pagine si \u00e8 scelto di mantenere intatto il layout grafico originale, \u00e8 disponibile una pagina &#8220;slideshow&#8221; per una pi\u00f9 Leggi tutto  Foto e video&rarr;","og_url":"https:\/\/atlantelinguisticosicilia.it\/cms\/home\/foto-e-video\/","og_site_name":"Atlante Linguistico della Sicilia","article_modified_time":"2016-05-03T10:03:28+00:00","twitter_card":"summary_large_image","schema":{"@context":"https:\/\/schema.org","@graph":[{"@type":"WebPage","@id":"https:\/\/atlantelinguisticosicilia.it\/cms\/home\/foto-e-video\/","url":"https:\/\/atlantelinguisticosicilia.it\/cms\/home\/foto-e-video\/","name":"Foto e video - Atlante Linguistico della Sicilia","isPartOf":{"@id":"https:\/\/atlantelinguisticosicilia.it\/cms\/#website"},"datePublished":"2016-02-17T10:50:17+00:00","dateModified":"2016-05-03T10:03:28+00:00","breadcrumb":{"@id":"https:\/\/atlantelinguisticosicilia.it\/cms\/home\/foto-e-video\/#breadcrumb"},"inLanguage":"it-IT","potentialAction":[{"@type":"ReadAction","target":["https:\/\/atlantelinguisticosicilia.it\/cms\/home\/foto-e-video\/"]}]},{"@type":"BreadcrumbList","@id":"https:\/\/atlantelinguisticosicilia.it\/cms\/home\/foto-e-video\/#breadcrumb","itemListElement":[{"@type":"ListItem","position":1,"name":"Home","item":"https:\/\/atlantelinguisticosicilia.it\/cms\/"},{"@type":"ListItem","position":2,"name":"L&#8217;Atlante Linguistico della Sicilia","item":"https:\/\/atlantelinguisticosicilia.it\/cms\/"},{"@type":"ListItem","position":3,"name":"Foto e video"}]},{"@type":"WebSite","@id":"https:\/\/atlantelinguisticosicilia.it\/cms\/#website","url":"https:\/\/atlantelinguisticosicilia.it\/cms\/","name":"Atlante Linguistico della Sicilia","description":"A cura del Centro di studi filologici e linguistici siciliani (CSFLS)","publisher":{"@id":"https:\/\/atlantelinguisticosicilia.it\/cms\/#organization"},"potentialAction":[{"@type":"SearchAction","target":{"@type":"EntryPoint","urlTemplate":"https:\/\/atlantelinguisticosicilia.it\/cms\/?s={search_term_string}"},"query-input":{"@type":"PropertyValueSpecification","valueRequired":true,"valueName":"search_term_string"}}],"inLanguage":"it-IT"},{"@type":"Organization","@id":"https:\/\/atlantelinguisticosicilia.it\/cms\/#organization","name":"Atlante Linguistico della Sicilia","url":"https:\/\/atlantelinguisticosicilia.it\/cms\/","logo":{"@type":"ImageObject","inLanguage":"it-IT","@id":"https:\/\/atlantelinguisticosicilia.it\/cms\/#\/schema\/logo\/image\/","url":"https:\/\/atlantelinguisticosicilia.it\/cms\/wp-content\/uploads\/2016\/07\/cropped-csfls-logo-1.png","contentUrl":"https:\/\/atlantelinguisticosicilia.it\/cms\/wp-content\/uploads\/2016\/07\/cropped-csfls-logo-1.png","width":76,"height":64,"caption":"Atlante Linguistico della Sicilia"},"image":{"@id":"https:\/\/atlantelinguisticosicilia.it\/cms\/#\/schema\/logo\/image\/"}}]}},"_links":{"self":[{"href":"https:\/\/atlantelinguisticosicilia.it\/cms\/wp-json\/wp\/v2\/pages\/57","targetHints":{"allow":["GET"]}}],"collection":[{"href":"https:\/\/atlantelinguisticosicilia.it\/cms\/wp-json\/wp\/v2\/pages"}],"about":[{"href":"https:\/\/atlantelinguisticosicilia.it\/cms\/wp-json\/wp\/v2\/types\/page"}],"author":[{"embeddable":true,"href":"https:\/\/atlantelinguisticosicilia.it\/cms\/wp-json\/wp\/v2\/users\/1"}],"replies":[{"embeddable":true,"href":"https:\/\/atlantelinguisticosicilia.it\/cms\/wp-json\/wp\/v2\/comments?post=57"}],"version-history":[{"count":2,"href":"https:\/\/atlantelinguisticosicilia.it\/cms\/wp-json\/wp\/v2\/pages\/57\/revisions"}],"predecessor-version":[{"id":59,"href":"https:\/\/atlantelinguisticosicilia.it\/cms\/wp-json\/wp\/v2\/pages\/57\/revisions\/59"}],"up":[{"embeddable":true,"href":"https:\/\/atlantelinguisticosicilia.it\/cms\/wp-json\/wp\/v2\/pages\/2"}],"wp:attachment":[{"href":"https:\/\/atlantelinguisticosicilia.it\/cms\/wp-json\/wp\/v2\/media?parent=57"}],"curies":[{"name":"wp","href":"https:\/\/api.w.org\/{rel}","templated":true}]}}

<p>A corredo del progetto, il CDROM originale prevedeva una raccolta di fotografie e un breve documentario. Anche se come nelle altre pagine si è scelto di mantenere intatto il layout grafico originale, è disponibile una pagina &#8220;slideshow&#8221; per una più comoda consultazione delle immagini<br />

<!-- iframe plugin v.6.0 wordpress.org/plugins/iframe/ -->
<iframe loading="lazy" src="http://atlantelinguisticosicilia.it/trottola/foto_video.htm" width="100%" height="500" scrolling="yes" class="iframe-class" frameborder="0"></iframe>
</p>

<p>A corredo del progetto, il CDROM originale prevedeva una raccolta di fotografie e un breve documentario. Anche se come nelle altre pagine si è scelto di mantenere intatto il layout grafico originale, è disponibile una pagina &#8220;slideshow&#8221; per una più <a class="more-link" href="https://atlantelinguisticosicilia.it/cms/home/foto-e-video/">Leggi tutto <span class="screen-reader-text">  Foto e video</span><span class="meta-nav">&rarr;</span></a></p>

<!-- This site is optimized with the Yoast SEO plugin v26.9 - https://yoast.com/product/yoast-seo-wordpress/ -->
<title>Foto e video - Atlante Linguistico della Sicilia</title>
<meta name="robots" content="index, follow, max-snippet:-1, max-image-preview:large, max-video-preview:-1" />
<link rel="canonical" href="https://atlantelinguisticosicilia.it/cms/home/foto-e-video/" />
<meta property="og:locale" content="it_IT" />
<meta property="og:type" content="article" />
<meta property="og:title" content="Foto e video - Atlante Linguistico della Sicilia" />
<meta property="og:description" content="A corredo del progetto, il CDROM originale prevedeva una raccolta di fotografie e un breve documentario. Anche se come nelle altre pagine si è scelto di mantenere intatto il layout grafico originale, è disponibile una pagina &#8220;slideshow&#8221; per una più Leggi tutto  Foto e video&rarr;" />
<meta property="og:url" content="https://atlantelinguisticosicilia.it/cms/home/foto-e-video/" />
<meta property="og:site_name" content="Atlante Linguistico della Sicilia" />
<meta property="article:modified_time" content="2016-05-03T10:03:28+00:00" />
<meta name="twitter:card" content="summary_large_image" />
<script type="application/ld+json" class="yoast-schema-graph">{"@context":"https://schema.org","@graph":[{"@type":"WebPage","@id":"https://atlantelinguisticosicilia.it/cms/home/foto-e-video/","url":"https://atlantelinguisticosicilia.it/cms/home/foto-e-video/","name":"Foto e video - Atlante Linguistico della Sicilia","isPartOf":{"@id":"https://atlantelinguisticosicilia.it/cms/#website"},"datePublished":"2016-02-17T10:50:17+00:00","dateModified":"2016-05-03T10:03:28+00:00","breadcrumb":{"@id":"https://atlantelinguisticosicilia.it/cms/home/foto-e-video/#breadcrumb"},"inLanguage":"it-IT","potentialAction":[{"@type":"ReadAction","target":["https://atlantelinguisticosicilia.it/cms/home/foto-e-video/"]}]},{"@type":"BreadcrumbList","@id":"https://atlantelinguisticosicilia.it/cms/home/foto-e-video/#breadcrumb","itemListElement":[{"@type":"ListItem","position":1,"name":"Home","item":"https://atlantelinguisticosicilia.it/cms/"},{"@type":"ListItem","position":2,"name":"L&#8217;Atlante Linguistico della Sicilia","item":"https://atlantelinguisticosicilia.it/cms/"},{"@type":"ListItem","position":3,"name":"Foto e video"}]},{"@type":"WebSite","@id":"https://atlantelinguisticosicilia.it/cms/#website","url":"https://atlantelinguisticosicilia.it/cms/","name":"Atlante Linguistico della Sicilia","description":"A cura del Centro di studi filologici e linguistici siciliani (CSFLS)","publisher":{"@id":"https://atlantelinguisticosicilia.it/cms/#organization"},"potentialAction":[{"@type":"SearchAction","target":{"@type":"EntryPoint","urlTemplate":"https://atlantelinguisticosicilia.it/cms/?s={search_term_string}"},"query-input":{"@type":"PropertyValueSpecification","valueRequired":true,"valueName":"search_term_string"}}],"inLanguage":"it-IT"},{"@type":"Organization","@id":"https://atlantelinguisticosicilia.it/cms/#organization","name":"Atlante Linguistico della Sicilia","url":"https://atlantelinguisticosicilia.it/cms/","logo":{"@type":"ImageObject","inLanguage":"it-IT","@id":"https://atlantelinguisticosicilia.it/cms/#/schema/logo/image/","url":"https://atlantelinguisticosicilia.it/cms/wp-content/uploads/2016/07/cropped-csfls-logo-1.png","contentUrl":"https://atlantelinguisticosicilia.it/cms/wp-content/uploads/2016/07/cropped-csfls-logo-1.png","width":76,"height":64,"caption":"Atlante Linguistico della Sicilia"},"image":{"@id":"https://atlantelinguisticosicilia.it/cms/#/schema/logo/image/"}}]}</script>
<!-- / Yoast SEO plugin. -->

A corredo del progetto, il CDROM originale prevedeva una raccolta di fotografie e un breve documentario. Anche se come nelle altre pagine si è scelto di mantenere intatto il layout grafico originale, è disponibile una pagina &#8220;slideshow&#8221; per una più Leggi tutto  Foto e video&rarr;
