{"id":623,"date":"2016-07-22T09:30:16","date_gmt":"2016-07-22T09:30:16","guid":{"rendered":"http:\/\/atlantelinguisticosicilia.it\/cms\/?page_id=623"},"modified":"2019-10-09T10:19:02","modified_gmt":"2019-10-09T10:19:02","slug":"pubblicazioni-2","status":"publish","type":"page","link":"https:\/\/atlantelinguisticosicilia.it\/cms\/pubblicazioni-2\/","title":{"rendered":"PUBBLICAZIONI"},"content":{"rendered":"<p style=\"text-align: center;\"><strong><span style=\"color: #ff0000;\">NOVIT\u00c0 EDITORIALI<\/span><\/strong><\/p>\n<h3 style=\"text-align: center;\">\u00a0<a href=\"https:\/\/atlantelinguisticosicilia.it\/cms\/wp-content\/uploads\/2016\/02\/Cop-ALS-Sottile-mini.jpg\"><img loading=\"lazy\" decoding=\"async\" class=\"aligncenter size-medium wp-image-14732\" src=\"https:\/\/atlantelinguisticosicilia.it\/cms\/wp-content\/uploads\/2016\/02\/Cop-ALS-Sottile-mini-210x300.jpg\" alt=\"\" width=\"210\" height=\"300\" srcset=\"https:\/\/atlantelinguisticosicilia.it\/cms\/wp-content\/uploads\/2016\/02\/Cop-ALS-Sottile-mini-210x300.jpg 210w, https:\/\/atlantelinguisticosicilia.it\/cms\/wp-content\/uploads\/2016\/02\/Cop-ALS-Sottile-mini.jpg 600w\" sizes=\"auto, (max-width: 210px) 100vw, 210px\" \/><\/a>L\u2019Atlante Linguistico della Sicilia. Percorsi geolinguistici antichi e nuovi<\/h3>\n<h4 style=\"text-align: center;\">Roberto Sottile, Varia, Centro di studi filologici e linguistici siciliani, Palermo 2018, ISBN 978-88-96312-92-6 &#8211; Pagine 118, \u20ac 10,00.<\/h4>\n<p style=\"text-align: justify;\">Viene ripercorsa la vicenda progettuale dell\u2019Atlante Linguistico della Sicilia (ALS), con le innovazioni metodologiche e l\u2019impegno di ricerca ed editoriale, che ha sinora consentito la pubblicazione di oltre cinquanta volumi di varie caratteristiche. Nell\u2019ultima parte del volume vengono riportati i numerosissimi saggi dedicati all\u2019ALS da studiosi italiani e stranieri, nel periodo 1986-2018.<\/p>\n<p style=\"text-align: center;\"><a href=\"https:\/\/atlantelinguisticosicilia.it\/cms\/wp-content\/uploads\/2016\/02\/Scheda-presentazione-Varia-ALS-Sottile.pdf\" target=\"_blank\">Scheda presentazione<\/a><\/p>\n<hr \/>\n<p><a href=\"https:\/\/atlantelinguisticosicilia.it\/cms\/wp-content\/uploads\/2018\/12\/M37-II.jpg\"><img loading=\"lazy\" decoding=\"async\" class=\"aligncenter size-medium wp-image-14702\" src=\"https:\/\/atlantelinguisticosicilia.it\/cms\/wp-content\/uploads\/2018\/12\/M37-II-187x300.jpg\" alt=\"\" width=\"187\" height=\"300\" srcset=\"https:\/\/atlantelinguisticosicilia.it\/cms\/wp-content\/uploads\/2018\/12\/M37-II-187x300.jpg 187w, https:\/\/atlantelinguisticosicilia.it\/cms\/wp-content\/uploads\/2018\/12\/M37-II-768x1235.jpg 768w, https:\/\/atlantelinguisticosicilia.it\/cms\/wp-content\/uploads\/2018\/12\/M37-II-637x1024.jpg 637w, https:\/\/atlantelinguisticosicilia.it\/cms\/wp-content\/uploads\/2018\/12\/M37-II.jpg 1143w\" sizes=\"auto, (max-width: 187px) 100vw, 187px\" \/><\/a><\/p>\n<h4 style=\"text-align: justify;\"><strong>ATLANTE LINGUISTICO DELLA SICILIA. IL LESSICO DEL MARE<\/strong><br \/>\nElena D\u2019Avenia, Materiali e Ricerche dell\u2019Atlante Linguistico della Sicilia, 37, Centro di studi filologici e linguistici siciliani, Palermo 2018, ISBN 978-88-96312-85-8 \u2013 Pagine 668, \u20ac 40,00.<\/h4>\n<p>&nbsp;<\/p>\n<hr \/>\n<h4 style=\"text-align: center;\"><strong><span style=\"color: #ff0000;\">PUBBLICAZIONI DI PARTICOLARE RILIEVO<\/span><\/strong><\/h4>\n<hr \/>\n<p style=\"text-align: center;\"><a href=\"https:\/\/atlantelinguisticosicilia.it\/cms\/wp-content\/uploads\/2016\/07\/VSES.jpg\"><img loading=\"lazy\" decoding=\"async\" class=\"size-full wp-image-624 alignnone\" src=\"https:\/\/atlantelinguisticosicilia.it\/cms\/wp-content\/uploads\/2016\/07\/VSES.jpg\" alt=\"VSES\" width=\"200\" height=\"298\" \/><\/a><\/p>\n<div id=\"box-articolo-home\">\n<h2 style=\"text-align: center;\">\u201cVocabolario storico-etimologico del siciliano\u201d<\/h2>\n<h2 style=\"text-align: center;\">di Alberto Varvaro<\/h2>\n<p style=\"text-align: justify;\">\u00c8 stato pubblicato, e presentato al pubblico a Palermo in occasione del XIII Congresso della SILFI \u2013 Societ\u00e0 internazionale di Linguistica e Filologia italiana il 23 settembre, il <em>Vocabolario storico-etimologico del siciliano<\/em>, di Alberto Varvaro. Si tratta di un\u2019impresa editoriale, scientifica, culturale senza precedenti, realizzata per la comune volont\u00e0 di uno dei massimi linguisti contemporanei, del Centro di studi filologici e linguistici siciliani e della Soci\u00e9t\u00e9 de Linguistique romane.<\/p>\n<p style=\"text-align: justify;\">Alberto Varvaro, <em>Vocabolario storico-etimologico del siciliano<\/em><\/p>\n<p style=\"text-align: justify;\">Centro di studi filologici e linguistici siciliani \u2013 Soci\u00e9t\u00e9 de Linguistique romane, Palermo-Strasburgo 2014, 2 volumi, pagine 1234.<\/p>\n<p style=\"text-align: justify;\">L\u2019opera \u00e8 stata realizzata dopo un impegno quarantennale dell\u2019Autore e del Centro di studi filologici e linguistici siciliani.<\/p>\n<p style=\"text-align: justify;\">Nei due volumi di oltre 1.200 pagine vengono trattate oltre 600 famiglie lessicali, alcune delle quali comprendono un numero elevatissimo di termini. Sono state escluse le voci riprese dall\u2019italiano o quelle che hanno forma e significato corrispondenti a parole italiane, pertanto l\u2019opera comprende il patrimonio lessicale che pu\u00f2 ritenersi peculiare della storia linguistica della Sicilia.<\/p>\n<p style=\"text-align: justify;\">La trattazione di ogni voce si divide in due parti. La prima, destinata a una consultazione pi\u00f9 rapida, riassume i dati essenziali. Nella seconda parte si delinea la storia della parola e dei suoi derivati, con ampi riferimenti ad altri sistemi dialettali e linguistici italiani e europei.<\/p>\n<p style=\"text-align: justify;\">Il <em>Vocabolario storico-etimologico del siciliano<\/em> pu\u00f2 ritenersi un capolavoro della lessicografia storica neolatina.<\/p>\n<p style=\"text-align: justify;\">Chi desidera prenotare sin d\u2019ora l\u2019opera potr\u00e0 rivolgersi alle nostre Librerie fiduciarie (http:\/\/www.csfls.it\/la-distribuzione\/), alla propria libreria di fiducia o contattare direttamente il Centro: csfls@unipa.it \u2013 csfls@tiscali.it.<\/p>\n<p style=\"text-align: justify;\">Modalit\u00e0 per l\u2019acquisto.<\/p>\n<p style=\"text-align: justify;\">Per le librerie la modalit\u00e0 di acquisto prevede l\u2019invio dell\u2019ordine presso uno dei nostri indirizzi mail e il successivo accreditamento dell\u2019importo utilizzando l\u2019IBAN del Centro di studi filologici e linguistici siciliani IT69T0200804624000300011160 (UNICREDIT\/BANCO DI SICILIA \u2013 Ag. 22 Palermo). Non appena ricevuta conferma dell\u2019accredito, provvederemo all\u2019invio del plico con Express Box di Poste Italiane, con spese di spedizione a nostro carico.<\/p>\n<\/div>\n","protected":false},"excerpt":{"rendered":"<p>NOVIT\u00c0 EDITORIALI \u00a0L\u2019Atlante Linguistico della Sicilia. Percorsi geolinguistici antichi e nuovi Roberto Sottile, Varia, Centro di studi filologici e linguistici siciliani, Palermo 2018, ISBN 978-88-96312-92-6 &#8211; Pagine 118, \u20ac 10,00. Viene ripercorsa la vicenda progettuale dell\u2019Atlante Linguistico della Sicilia (ALS), <a class=\"more-link\" href=\"https:\/\/atlantelinguisticosicilia.it\/cms\/pubblicazioni-2\/\">Leggi tutto <span class=\"screen-reader-text\">  PUBBLICAZIONI<\/span><span class=\"meta-nav\">&rarr;<\/span><\/a><\/p>\n","protected":false},"author":3,"featured_media":0,"parent":0,"menu_order":0,"comment_status":"open","ping_status":"closed","template":"","meta":{"footnotes":""},"class_list":["post-623","page","type-page","status-publish","hentry"],"yoast_head":"<!-- This site is optimized with the Yoast SEO plugin v26.9 - https:\/\/yoast.com\/product\/yoast-seo-wordpress\/ -->\n<title>PUBBLICAZIONI - Atlante Linguistico della Sicilia<\/title>\n<meta name=\"robots\" content=\"index, follow, max-snippet:-1, max-image-preview:large, max-video-preview:-1\" \/>\n<link rel=\"canonical\" href=\"https:\/\/atlantelinguisticosicilia.it\/cms\/pubblicazioni-2\/\" \/>\n<meta property=\"og:locale\" content=\"it_IT\" \/>\n<meta property=\"og:type\" content=\"article\" \/>\n<meta property=\"og:title\" content=\"PUBBLICAZIONI - Atlante Linguistico della Sicilia\" \/>\n<meta property=\"og:description\" content=\"NOVIT\u00c0 EDITORIALI \u00a0L\u2019Atlante Linguistico della Sicilia. Percorsi geolinguistici antichi e nuovi Roberto Sottile, Varia, Centro di studi filologici e linguistici siciliani, Palermo 2018, ISBN 978-88-96312-92-6 &#8211; Pagine 118, \u20ac 10,00. Viene ripercorsa la vicenda progettuale dell\u2019Atlante Linguistico della Sicilia (ALS), Leggi tutto  PUBBLICAZIONI&rarr;\" \/>\n<meta property=\"og:url\" content=\"https:\/\/atlantelinguisticosicilia.it\/cms\/pubblicazioni-2\/\" \/>\n<meta property=\"og:site_name\" content=\"Atlante Linguistico della Sicilia\" \/>\n<meta property=\"article:modified_time\" content=\"2019-10-09T10:19:02+00:00\" \/>\n<meta property=\"og:image\" content=\"http:\/\/atlantelinguisticosicilia.it\/cms\/wp-content\/uploads\/2016\/02\/Cop-ALS-Sottile-mini-210x300.jpg\" \/>\n<meta name=\"twitter:card\" content=\"summary_large_image\" \/>\n<meta name=\"twitter:label1\" content=\"Tempo di lettura stimato\" \/>\n\t<meta name=\"twitter:data1\" content=\"2 minuti\" \/>\n<script type=\"application\/ld+json\" class=\"yoast-schema-graph\">{\"@context\":\"https:\/\/schema.org\",\"@graph\":[{\"@type\":\"WebPage\",\"@id\":\"https:\/\/atlantelinguisticosicilia.it\/cms\/pubblicazioni-2\/\",\"url\":\"https:\/\/atlantelinguisticosicilia.it\/cms\/pubblicazioni-2\/\",\"name\":\"PUBBLICAZIONI - Atlante Linguistico della Sicilia\",\"isPartOf\":{\"@id\":\"https:\/\/atlantelinguisticosicilia.it\/cms\/#website\"},\"primaryImageOfPage\":{\"@id\":\"https:\/\/atlantelinguisticosicilia.it\/cms\/pubblicazioni-2\/#primaryimage\"},\"image\":{\"@id\":\"https:\/\/atlantelinguisticosicilia.it\/cms\/pubblicazioni-2\/#primaryimage\"},\"thumbnailUrl\":\"http:\/\/atlantelinguisticosicilia.it\/cms\/wp-content\/uploads\/2016\/02\/Cop-ALS-Sottile-mini-210x300.jpg\",\"datePublished\":\"2016-07-22T09:30:16+00:00\",\"dateModified\":\"2019-10-09T10:19:02+00:00\",\"breadcrumb\":{\"@id\":\"https:\/\/atlantelinguisticosicilia.it\/cms\/pubblicazioni-2\/#breadcrumb\"},\"inLanguage\":\"it-IT\",\"potentialAction\":[{\"@type\":\"ReadAction\",\"target\":[\"https:\/\/atlantelinguisticosicilia.it\/cms\/pubblicazioni-2\/\"]}]},{\"@type\":\"ImageObject\",\"inLanguage\":\"it-IT\",\"@id\":\"https:\/\/atlantelinguisticosicilia.it\/cms\/pubblicazioni-2\/#primaryimage\",\"url\":\"http:\/\/atlantelinguisticosicilia.it\/cms\/wp-content\/uploads\/2016\/02\/Cop-ALS-Sottile-mini-210x300.jpg\",\"contentUrl\":\"http:\/\/atlantelinguisticosicilia.it\/cms\/wp-content\/uploads\/2016\/02\/Cop-ALS-Sottile-mini-210x300.jpg\"},{\"@type\":\"BreadcrumbList\",\"@id\":\"https:\/\/atlantelinguisticosicilia.it\/cms\/pubblicazioni-2\/#breadcrumb\",\"itemListElement\":[{\"@type\":\"ListItem\",\"position\":1,\"name\":\"Home\",\"item\":\"https:\/\/atlantelinguisticosicilia.it\/cms\/\"},{\"@type\":\"ListItem\",\"position\":2,\"name\":\"PUBBLICAZIONI\"}]},{\"@type\":\"WebSite\",\"@id\":\"https:\/\/atlantelinguisticosicilia.it\/cms\/#website\",\"url\":\"https:\/\/atlantelinguisticosicilia.it\/cms\/\",\"name\":\"Atlante Linguistico della Sicilia\",\"description\":\"A cura del Centro di studi filologici e linguistici siciliani (CSFLS)\",\"publisher\":{\"@id\":\"https:\/\/atlantelinguisticosicilia.it\/cms\/#organization\"},\"potentialAction\":[{\"@type\":\"SearchAction\",\"target\":{\"@type\":\"EntryPoint\",\"urlTemplate\":\"https:\/\/atlantelinguisticosicilia.it\/cms\/?s={search_term_string}\"},\"query-input\":{\"@type\":\"PropertyValueSpecification\",\"valueRequired\":true,\"valueName\":\"search_term_string\"}}],\"inLanguage\":\"it-IT\"},{\"@type\":\"Organization\",\"@id\":\"https:\/\/atlantelinguisticosicilia.it\/cms\/#organization\",\"name\":\"Atlante Linguistico della Sicilia\",\"url\":\"https:\/\/atlantelinguisticosicilia.it\/cms\/\",\"logo\":{\"@type\":\"ImageObject\",\"inLanguage\":\"it-IT\",\"@id\":\"https:\/\/atlantelinguisticosicilia.it\/cms\/#\/schema\/logo\/image\/\",\"url\":\"https:\/\/atlantelinguisticosicilia.it\/cms\/wp-content\/uploads\/2016\/07\/cropped-csfls-logo-1.png\",\"contentUrl\":\"https:\/\/atlantelinguisticosicilia.it\/cms\/wp-content\/uploads\/2016\/07\/cropped-csfls-logo-1.png\",\"width\":76,\"height\":64,\"caption\":\"Atlante Linguistico della Sicilia\"},\"image\":{\"@id\":\"https:\/\/atlantelinguisticosicilia.it\/cms\/#\/schema\/logo\/image\/\"}}]}<\/script>\n<!-- \/ Yoast SEO plugin. -->","yoast_head_json":{"title":"PUBBLICAZIONI - Atlante Linguistico della Sicilia","robots":{"index":"index","follow":"follow","max-snippet":"max-snippet:-1","max-image-preview":"max-image-preview:large","max-video-preview":"max-video-preview:-1"},"canonical":"https:\/\/atlantelinguisticosicilia.it\/cms\/pubblicazioni-2\/","og_locale":"it_IT","og_type":"article","og_title":"PUBBLICAZIONI - Atlante Linguistico della Sicilia","og_description":"NOVIT\u00c0 EDITORIALI \u00a0L\u2019Atlante Linguistico della Sicilia. Percorsi geolinguistici antichi e nuovi Roberto Sottile, Varia, Centro di studi filologici e linguistici siciliani, Palermo 2018, ISBN 978-88-96312-92-6 &#8211; Pagine 118, \u20ac 10,00. Viene ripercorsa la vicenda progettuale dell\u2019Atlante Linguistico della Sicilia (ALS), Leggi tutto  PUBBLICAZIONI&rarr;","og_url":"https:\/\/atlantelinguisticosicilia.it\/cms\/pubblicazioni-2\/","og_site_name":"Atlante Linguistico della Sicilia","article_modified_time":"2019-10-09T10:19:02+00:00","og_image":[{"url":"http:\/\/atlantelinguisticosicilia.it\/cms\/wp-content\/uploads\/2016\/02\/Cop-ALS-Sottile-mini-210x300.jpg","type":"","width":"","height":""}],"twitter_card":"summary_large_image","twitter_misc":{"Tempo di lettura stimato":"2 minuti"},"schema":{"@context":"https:\/\/schema.org","@graph":[{"@type":"WebPage","@id":"https:\/\/atlantelinguisticosicilia.it\/cms\/pubblicazioni-2\/","url":"https:\/\/atlantelinguisticosicilia.it\/cms\/pubblicazioni-2\/","name":"PUBBLICAZIONI - Atlante Linguistico della Sicilia","isPartOf":{"@id":"https:\/\/atlantelinguisticosicilia.it\/cms\/#website"},"primaryImageOfPage":{"@id":"https:\/\/atlantelinguisticosicilia.it\/cms\/pubblicazioni-2\/#primaryimage"},"image":{"@id":"https:\/\/atlantelinguisticosicilia.it\/cms\/pubblicazioni-2\/#primaryimage"},"thumbnailUrl":"http:\/\/atlantelinguisticosicilia.it\/cms\/wp-content\/uploads\/2016\/02\/Cop-ALS-Sottile-mini-210x300.jpg","datePublished":"2016-07-22T09:30:16+00:00","dateModified":"2019-10-09T10:19:02+00:00","breadcrumb":{"@id":"https:\/\/atlantelinguisticosicilia.it\/cms\/pubblicazioni-2\/#breadcrumb"},"inLanguage":"it-IT","potentialAction":[{"@type":"ReadAction","target":["https:\/\/atlantelinguisticosicilia.it\/cms\/pubblicazioni-2\/"]}]},{"@type":"ImageObject","inLanguage":"it-IT","@id":"https:\/\/atlantelinguisticosicilia.it\/cms\/pubblicazioni-2\/#primaryimage","url":"http:\/\/atlantelinguisticosicilia.it\/cms\/wp-content\/uploads\/2016\/02\/Cop-ALS-Sottile-mini-210x300.jpg","contentUrl":"http:\/\/atlantelinguisticosicilia.it\/cms\/wp-content\/uploads\/2016\/02\/Cop-ALS-Sottile-mini-210x300.jpg"},{"@type":"BreadcrumbList","@id":"https:\/\/atlantelinguisticosicilia.it\/cms\/pubblicazioni-2\/#breadcrumb","itemListElement":[{"@type":"ListItem","position":1,"name":"Home","item":"https:\/\/atlantelinguisticosicilia.it\/cms\/"},{"@type":"ListItem","position":2,"name":"PUBBLICAZIONI"}]},{"@type":"WebSite","@id":"https:\/\/atlantelinguisticosicilia.it\/cms\/#website","url":"https:\/\/atlantelinguisticosicilia.it\/cms\/","name":"Atlante Linguistico della Sicilia","description":"A cura del Centro di studi filologici e linguistici siciliani (CSFLS)","publisher":{"@id":"https:\/\/atlantelinguisticosicilia.it\/cms\/#organization"},"potentialAction":[{"@type":"SearchAction","target":{"@type":"EntryPoint","urlTemplate":"https:\/\/atlantelinguisticosicilia.it\/cms\/?s={search_term_string}"},"query-input":{"@type":"PropertyValueSpecification","valueRequired":true,"valueName":"search_term_string"}}],"inLanguage":"it-IT"},{"@type":"Organization","@id":"https:\/\/atlantelinguisticosicilia.it\/cms\/#organization","name":"Atlante Linguistico della Sicilia","url":"https:\/\/atlantelinguisticosicilia.it\/cms\/","logo":{"@type":"ImageObject","inLanguage":"it-IT","@id":"https:\/\/atlantelinguisticosicilia.it\/cms\/#\/schema\/logo\/image\/","url":"https:\/\/atlantelinguisticosicilia.it\/cms\/wp-content\/uploads\/2016\/07\/cropped-csfls-logo-1.png","contentUrl":"https:\/\/atlantelinguisticosicilia.it\/cms\/wp-content\/uploads\/2016\/07\/cropped-csfls-logo-1.png","width":76,"height":64,"caption":"Atlante Linguistico della Sicilia"},"image":{"@id":"https:\/\/atlantelinguisticosicilia.it\/cms\/#\/schema\/logo\/image\/"}}]}},"_links":{"self":[{"href":"https:\/\/atlantelinguisticosicilia.it\/cms\/wp-json\/wp\/v2\/pages\/623","targetHints":{"allow":["GET"]}}],"collection":[{"href":"https:\/\/atlantelinguisticosicilia.it\/cms\/wp-json\/wp\/v2\/pages"}],"about":[{"href":"https:\/\/atlantelinguisticosicilia.it\/cms\/wp-json\/wp\/v2\/types\/page"}],"author":[{"embeddable":true,"href":"https:\/\/atlantelinguisticosicilia.it\/cms\/wp-json\/wp\/v2\/users\/3"}],"replies":[{"embeddable":true,"href":"https:\/\/atlantelinguisticosicilia.it\/cms\/wp-json\/wp\/v2\/comments?post=623"}],"version-history":[{"count":7,"href":"https:\/\/atlantelinguisticosicilia.it\/cms\/wp-json\/wp\/v2\/pages\/623\/revisions"}],"predecessor-version":[{"id":14749,"href":"https:\/\/atlantelinguisticosicilia.it\/cms\/wp-json\/wp\/v2\/pages\/623\/revisions\/14749"}],"wp:attachment":[{"href":"https:\/\/atlantelinguisticosicilia.it\/cms\/wp-json\/wp\/v2\/media?parent=623"}],"curies":[{"name":"wp","href":"https:\/\/api.w.org\/{rel}","templated":true}]}}